[INFO] cloning repository https://github.com/dbrugman/mandelrust
[INFO] running `Command { std: "git" "-c" "credential.helper=" "-c" "credential.helper=/workspace/cargo-home/bin/git-credential-null" "clone" "--bare" "https://github.com/dbrugman/mandelrust" "/workspace/cache/git-repos/https%3A%2F%2Fgithub.com%2Fdbrugman%2Fmandelrust", kill_on_drop: false }`
[INFO] [stderr] Cloning into bare repository '/workspace/cache/git-repos/https%3A%2F%2Fgithub.com%2Fdbrugman%2Fmandelrust'...
[INFO] running `Command { std: "git" "rev-parse" "HEAD", kill_on_drop: false }`
[INFO] [stdout] 552277cd98ce2e8a0ed17d0f6a9750af37c62aaf
[INFO] building dbrugman/mandelrust against master#ff34b919075f35a1787659e9c448a34b06bab8de for issue-85264
[INFO] running `Command { std: "git" "clone" "/workspace/cache/git-repos/https%3A%2F%2Fgithub.com%2Fdbrugman%2Fmandelrust" "/workspace/builds/worker-15/source", kill_on_drop: false }`
[INFO] [stderr] Cloning into '/workspace/builds/worker-15/source'...
[INFO] [stderr] done.
[INFO] validating manifest of git repo https://github.com/dbrugman/mandelrust on toolchain ff34b919075f35a1787659e9c448a34b06bab8de
[INFO] running `Command { std: "/workspace/cargo-home/bin/cargo" "+ff34b919075f35a1787659e9c448a34b06bab8de" "metadata" "--manifest-path" "Cargo.toml" "--no-deps", kill_on_drop: false }`
[INFO] started tweaking git repo https://github.com/dbrugman/mandelrust
[INFO] finished tweaking git repo https://github.com/dbrugman/mandelrust
[INFO] tweaked toml for git repo https://github.com/dbrugman/mandelrust written to /workspace/builds/worker-15/source/Cargo.toml
[INFO] crate git repo https://github.com/dbrugman/mandelrust already has a lockfile, it will not be regenerated
[INFO] running `Command { std: "/workspace/cargo-home/bin/cargo" "+ff34b919075f35a1787659e9c448a34b06bab8de" "fetch" "--manifest-path" "Cargo.toml", kill_on_drop: false }`
[INFO] running `Command { std: "docker" "create" "-v" "/var/lib/crater-agent-workspace/builds/worker-15/target:/opt/rustwide/target:rw,Z" "-v" "/var/lib/crater-agent-workspace/builds/worker-15/source:/opt/rustwide/workdir:ro,Z" "-v" "/var/lib/crater-agent-workspace/cargo-home:/opt/rustwide/cargo-home:ro,Z" "-v" "/var/lib/crater-agent-workspace/rustup-home:/opt/rustwide/rustup-home:ro,Z" "-e" "SOURCE_DIR=/opt/rustwide/workdir" "-e" "CARGO_TARGET_DIR=/opt/rustwide/target" "-e" "CARGO_HOME=/opt/rustwide/cargo-home" "-e" "RUSTUP_HOME=/opt/rustwide/rustup-home" "-w" "/opt/rustwide/workdir" "-m" "1610612736" "--user" "0:0" "--network" "none" "ghcr.io/rust-lang/crates-build-env/linux@sha256:20528e8c29e4536546f0102ce88568b16ea7538393a33fcca951030f7af10457" "/opt/rustwide/cargo-home/bin/cargo" "+ff34b919075f35a1787659e9c448a34b06bab8de" "metadata" "--no-deps" "--format-version=1", kill_on_drop: false }`
[INFO] [stdout] ea27d405115e7fe40dda0a3fa23bd10d784ff947b72a231f1f82a8be0409d98a
[INFO] [stderr] WARNING: Your kernel does not support swap limit capabilities or the cgroup is not mounted. Memory limited without swap.
[INFO] running `Command { std: "docker" "start" "-a" "ea27d405115e7fe40dda0a3fa23bd10d784ff947b72a231f1f82a8be0409d98a", kill_on_drop: false }`
[INFO] running `Command { std: "docker" "inspect" "ea27d405115e7fe40dda0a3fa23bd10d784ff947b72a231f1f82a8be0409d98a", kill_on_drop: false }`
[INFO] running `Command { std: "docker" "rm" "-f" "ea27d405115e7fe40dda0a3fa23bd10d784ff947b72a231f1f82a8be0409d98a", kill_on_drop: false }`
[INFO] [stdout] ea27d405115e7fe40dda0a3fa23bd10d784ff947b72a231f1f82a8be0409d98a
[INFO] running `Command { std: "docker" "create" "-v" "/var/lib/crater-agent-workspace/builds/worker-15/target:/opt/rustwide/target:rw,Z" "-v" "/var/lib/crater-agent-workspace/builds/worker-15/source:/opt/rustwide/workdir:ro,Z" "-v" "/var/lib/crater-agent-workspace/cargo-home:/opt/rustwide/cargo-home:ro,Z" "-v" "/var/lib/crater-agent-workspace/rustup-home:/opt/rustwide/rustup-home:ro,Z" "-e" "SOURCE_DIR=/opt/rustwide/workdir" "-e" "CARGO_TARGET_DIR=/opt/rustwide/target" "-e" "CARGO_INCREMENTAL=0" "-e" "RUST_BACKTRACE=full" "-e" "RUSTFLAGS=--cap-lints=forbid" "-e" "CARGO_HOME=/opt/rustwide/cargo-home" "-e" "RUSTUP_HOME=/opt/rustwide/rustup-home" "-w" "/opt/rustwide/workdir" "-m" "1610612736" "--user" "0:0" "--network" "none" "ghcr.io/rust-lang/crates-build-env/linux@sha256:20528e8c29e4536546f0102ce88568b16ea7538393a33fcca951030f7af10457" "/opt/rustwide/cargo-home/bin/cargo" "+ff34b919075f35a1787659e9c448a34b06bab8de" "build" "--frozen" "--message-format=json", kill_on_drop: false }`
[INFO] [stderr] WARNING: Your kernel does not support swap limit capabilities or the cgroup is not mounted. Memory limited without swap.
[INFO] [stdout] 15b1a038c75ca955303b0a5f0429c3a080c74f173a24b0c08ce86b4d6e5e8284
[INFO] running `Command { std: "docker" "start" "-a" "15b1a038c75ca955303b0a5f0429c3a080c74f173a24b0c08ce86b4d6e5e8284", kill_on_drop: false }`
[INFO] [stderr]    Compiling libc v0.2.16
[INFO] [stderr]    Compiling num-traits v0.1.36
[INFO] [stderr]    Compiling log v0.3.6
[INFO] [stderr]    Compiling winapi-build v0.1.1
[INFO] [stderr]    Compiling rustc-serialize v0.3.19
[INFO] [stderr]    Compiling itoa v0.1.1
[INFO] [stderr]    Compiling dtoa v0.2.2
[INFO] [stderr]    Compiling khronos_api v1.0.0
[INFO] [stderr]    Compiling serde v0.8.12
[INFO] [stderr]    Compiling winapi v0.2.8
[INFO] [stderr]    Compiling piston-float v0.2.0
[INFO] [stderr]    Compiling gcc v0.3.35
[INFO] [stderr]    Compiling byteorder v0.5.3
[INFO] [stderr]    Compiling bitflags v0.6.0
[INFO] [stderr]    Compiling shader_version v0.2.1
[INFO] [stderr]    Compiling crossbeam v0.2.10
[INFO] [stderr]    Compiling color_quant v1.0.0
[INFO] [stderr]    Compiling odds v0.2.22
[INFO] [stderr]    Compiling inflate v0.1.1
[INFO] [stderr]    Compiling piston-texture v0.5.0
[INFO] [stderr]    Compiling glob v0.2.11
[INFO] [stderr]    Compiling scoped_threadpool v0.1.7
[INFO] [stderr]    Compiling linked-hash-map v0.0.10
[INFO] [stderr]    Compiling read_color v0.1.0
[INFO] [stderr]    Compiling interpolation v0.1.0
[INFO] [stderr]    Compiling piston-shaders_graphics2d v0.2.1
[INFO] [stderr]    Compiling xml-rs v0.3.4
[INFO] [stderr]    Compiling rustc_version v0.1.7
[INFO] [stderr]    Compiling x11-dl v2.9.0
[INFO] [stderr]    Compiling stb_truetype v0.2.0
[INFO] [stderr]    Compiling piston-viewport v0.2.0
[INFO] [stderr]    Compiling vecmath v0.2.0
[INFO] [stderr]    Compiling draw_state v0.6.0
[INFO] [stdout] error[E0642]: patterns aren't allowed in functions without bodies
[INFO] [stdout]    --> /opt/rustwide/cargo-home/registry/src/github.com-1ecc6299db9ec823/rustc-serialize-0.3.19/src/serialize.rs:147:45
[INFO] [stdout]     |
[INFO] [stdout] 147 | ...                   &f_name: &str,
[INFO] [stdout]     |                       ^^^^^^^ pattern not allowed in function without body
[INFO] [stdout] 
[INFO] [stdout] 
[INFO] [stderr]    Compiling kernel32-sys v0.2.2
[INFO] [stderr]    Compiling gif v0.9.0
[INFO] [stderr]    Compiling rand v0.3.14
[INFO] [stderr]    Compiling num_cpus v0.2.13
[INFO] [stderr]    Compiling shared_library v0.1.5
[INFO] [stderr]    Compiling tempfile v2.1.4
[INFO] [stderr]    Compiling nodrop v0.1.8
[INFO] [stderr]    Compiling fs2 v0.2.5
[INFO] [stderr]    Compiling time v0.1.35
[INFO] [stderr]    Compiling arrayvec v0.3.20
[INFO] [stderr]    Compiling gfx_core v0.4.0
[INFO] [stderr]    Compiling osmesa-sys v0.1.2
[INFO] [stderr]    Compiling memmap v0.2.3
[INFO] [stderr]    Compiling piston2d-graphics v0.17.3
[INFO] [stderr]    Compiling gl_generator v0.5.2
[INFO] [stderr]    Compiling wayland-scanner v0.5.11
[INFO] [stderr]    Compiling num-integer v0.1.32
[INFO] [stderr]    Compiling miniz-sys v0.1.7
[INFO] [stderr]    Compiling rusttype v0.2.1
[INFO] [stderr]    Compiling num-iter v0.1.32
[INFO] [stderr]    Compiling deque v0.3.1
[INFO] [stderr]    Compiling rayon v0.4.2
[INFO] [stderr]    Compiling wayland-client v0.5.12
[INFO] [stdout] error: aborting due to previous error
[INFO] [stdout] 
[INFO] [stdout] 
[INFO] [stdout] For more information about this error, try `rustc --explain E0642`.
[INFO] [stdout] 
[INFO] [stderr] error: could not compile `rustc-serialize`
[INFO] [stderr] 
[INFO] [stderr] To learn more, run the command again with --verbose.
[INFO] [stderr] warning: build failed, waiting for other jobs to finish...
[INFO] [stdout] error[E0311]: the parameter type `K` may not live long enough
[INFO] [stdout]   --> /opt/rustwide/cargo-home/registry/src/github.com-1ecc6299db9ec823/rusttype-0.2.1/src/support/bst/map.rs:81:19
[INFO] [stdout]    |
[INFO] [stdout] 81 |             match node.force() {
[INFO] [stdout]    |                   ^^^^
[INFO] [stdout]    |
[INFO] [stdout] note: the parameter type `K` must be valid for the anonymous lifetime defined on the function body at 78:37...
[INFO] [stdout]   --> /opt/rustwide/cargo-home/registry/src/github.com-1ecc6299db9ec823/rusttype-0.2.1/src/support/bst/map.rs:78:37
[INFO] [stdout]    |
[INFO] [stdout] 78 |                 node: node::NodeRef<marker::Immut, K, V, marker::LeafOrInternal>)
[INFO] [stdout]    |                                     ^^^^^^^^^^^^^
[INFO] [stdout] 
[INFO] [stdout] 
[INFO] [stdout] error[E0311]: the parameter type `V` may not live long enough
[INFO] [stdout]   --> /opt/rustwide/cargo-home/registry/src/github.com-1ecc6299db9ec823/rusttype-0.2.1/src/support/bst/map.rs:81:19
[INFO] [stdout]    |
[INFO] [stdout] 81 |             match node.force() {
[INFO] [stdout]    |                   ^^^^
[INFO] [stdout]    |
[INFO] [stdout] note: the parameter type `V` must be valid for the anonymous lifetime defined on the function body at 78:37...
[INFO] [stdout]   --> /opt/rustwide/cargo-home/registry/src/github.com-1ecc6299db9ec823/rusttype-0.2.1/src/support/bst/map.rs:78:37
[INFO] [stdout]    |
[INFO] [stdout] 78 |                 node: node::NodeRef<marker::Immut, K, V, marker::LeafOrInternal>)
[INFO] [stdout]    |                                     ^^^^^^^^^^^^^
[INFO] [stdout] 
[INFO] [stdout] 
[INFO] [stdout] error: aborting due to 2 previous errors
[INFO] [stdout] 
[INFO] [stdout] 
[INFO] [stderr] error: build failed
[INFO] running `Command { std: "docker" "inspect" "15b1a038c75ca955303b0a5f0429c3a080c74f173a24b0c08ce86b4d6e5e8284", kill_on_drop: false }`
[INFO] running `Command { std: "docker" "rm" "-f" "15b1a038c75ca955303b0a5f0429c3a080c74f173a24b0c08ce86b4d6e5e8284", kill_on_drop: false }`
[INFO] [stdout] 15b1a038c75ca955303b0a5f0429c3a080c74f173a24b0c08ce86b4d6e5e8284
